e 10?
1265690
What is -42cd8a (base 16) in base 9?
-8212427
Convert -18c214 (base 14) to base 15.
-125460
What is -10ed9 (base 15) in base 10?
-53979
Convert 1143232030 (base 5) to base 2.
1010010101111111011011
What is a10a56 (base 11) in base 10?
1626422
What is -23201233 (base 5) in base 16?
-332a0
What is -3351020 (base 8) in base 5?
-212440434
Convert -51440134 (base 6) to base 8.
-5517672
101000101001110101110110 (base 2) to base 4
220221311312
What is -124ba (base 16) in base 10?
-74938
Convert -41626154 (base 7) to base 6.
-203234255
What is 1640502 (base 8) in base 5?
110203313
What is -8427a68 (base 11) in base 7?
-240164426
What is -45361 (base 10) in base 14?
-12761
What is -8b031 (base 14) in base 10?
-337555
Convert 624851 (base 9) to base 14.
992dc
-ac239 (base 13) to base 5
-34443420
-69c39e (base 15) to base 2
-10011010001101100001111
What is 40b8f (base 16) in base 8?
1005617
-177314 (base 11) to base 12
-112155
Convert -31222222302 (base 4) to base 5.
-1404121032
-3212404212 (base 5) to base 9
-13647147
What is -506606 (base 7) in base 3?
-11101111202
Convert a1a8 (base 14) to base 5.
1342114
Convert -1720bc (base 16) to base 13.
-410b8c
Convert -b0f6 (base 16) to base 10.
-45302
What is 1000001211202 (base 3) in base 10?
532784
-121786 (base 10) to base 7
-1015030
What is 40110022 (base 5) in base 11?
1a6681
Convert -109429 (base 10) to base 7.
-634015
What is 74104 (base 11) in base 13?
3a18a
455524 (base 10) to base 13
12c454
123001330 (base 4) to base 6
2212324
What is 302250150 (base 6) in base 2?
10011101010010111010010
Convert 2385a9 (base 11) to base 15.
76c4c
-32bb9 (base 15) to base 8
-472772
Convert -110110100000011101110 (base 2) to base 9.
-3322048
23335 (base 12) to base 5
3002004
Convert 23234223 (base 5) to base 7.
1541350
What is -2938254 (base 10) in base 11?
-1727610
-100100000011100100010010 (base 2) to base 3
-122210012102110
-14420020 (base 5) to base 3
-21211202222
-221a9a2 (base 12) to base 6
-351302322
Convert -46061 (base 13) to base 6.
-2422145
What is -b422a (base 13) in base 2?
-1001110111100000101
What is 2a9a339 (base 11) in base 8?
24155654
Convert 6777139 (base 10) to base 15.
8dd094
What is 433420104 (base 5) in base 16?
1c57f9
What is 3143236 (base 8) in base 13?
234140
What is 85b2a (base 14) in base 4?
1032322222
What is -626546 (base 7) in base 9?
-174108
What is -147ba (base 12) in base 11?
-1a700
Convert 10001101100001010010001 (base 2) to base 9.
8647187
-25214456 (base 7) to base 2
-1000101010111010111011
510662 (base 7) to base 14
238a2
Convert -21120220110200 (base 3) to base 14.
-76db58
What is -75596 (base 12) in base 3?
-21212002220
What is 933748 (base 10) in base 4?
3203331310
What is -216603 (base 15) in base 13?
-43920c
-636322 (base 9) to base 4
-1130123312
Convert 100012 (base 6) to base 16.
1e68
What is 130210313 (base 4) in base 2?
11100100100110111
What is 10101210101221 (base 3) in base 15?
25a507
Convert 352540 (base 6) to base 14.
b148
What is -9193 (base 12) in base 14?
-5a91
-101100111100001101 (base 2) to base 8
-547415
What is 4573c (base 14) in base 9?
276506
What is -97783 (base 11) in base 4?
-202223020
-11064450 (base 7) to base 3
-1210122000220
What is 72017 (base 10) in base 11?
4a120
What is -39908 (base 10) in base 5?
-2234113
What is e59e03 (base 15) in base 14?
1642b83
Convert 4648836 (base 9) to base 13.
69c996
What is 2e4113 (base 15) in base 11?
12a0974
Convert 3454411 (base 7) to base 10.
433756
-55188 (base 9) to base 7
-211511
110100101101100010011 (base 2) to base 9
3222307
Convert 8068840 (base 10) to base 13.
1896880
What is -200852 (base 9) in base 3?
-20000221202
-3000102030 (base 4) to base 12
-31b950
What is 301140432 (base 5) in base 3?
2020121211011
Convert -8542267 (base 10) to base 15.
-b3b097
What is 10420403 (base 6) in base 16?
4c9b3
What is 2714245 (base 11) in base 6?
244312211
Convert -54506 (base 12) to base 13.
-3b88c
-1ea7e (base 15) to base 8
-303624
Convert -3012230032 (base 4) to base 2.
-11000110101100001110
167a3 (base 15) to base 4
101232123
Convert 11000100001011 (base 2) to base 7.
51414
Convert 24214073 (base 8) to base 7.
63113342
86a6 (base 12) to base 4
3213132
Convert 354654 (base 7) to base 9.
106866
-10bab3 (base 14) to base 4
-2023030031
What is -10101111101000 (base 2) in base 5?
-324430
Convert a6747 (base 16) to base 8.
2463507
Convert -1501305 (base 7) to base 9.
-337303
-2002100001 (base 3) to base 14
-10d76
Convert 213121141 (base 5) to base 12.
37b0b8
1741257 (base 9) to base 13
280540
What is 122132123 (base 4) in base 3?
12111202102
What is -c69134 (base 13) in base 12?
-16811ab
What is -65174 (base 8) in base 14?
-9d12
-14011324 (base 7) to base 6
-43444504
What is 19ad1 (base 16) in base 8?
315321
-101211011 (base 4) to base 8
-214505
Convert 2b4476 (base 12) to base 14.
151374
What is 6e9704 (base 15) in base 5?
2324000304
What is 104249 (base 11) in base 10?
166670
Convert 14709 (base 15) to base 4.
100002231
-116156344 (base 7) to base 4
-123330121213
-100011111011111101 (base 2) to base 5
-14202242
What is 132201221 (base 4) in base 10?
125033
3a8fc (base 16) to base 9
405030
Convert 25180 (base 14) to base 9.
147565
Convert -4288601 (base 11) to base 9.
-15156546
153532120 (base 6) to base 4
30130200300
Convert -1100101001100101111 (base 2) to base 10.
-414511
What is -821b1 (base 13) in base 11?
-14a226
Convert -236050 (base 7) to base 8.
-123636
What is -501438 (base 11) in base 14?
-1701cb
Convert 100210222100121 (base 3) to base 5.
2313344100
Convert -5083a8 (base 12) to base 2.
-100110011010000110000
33a524 (base 14) to base 12
708a70
-adca50 (base 14) to base 5
-3003200411
Convert -4b929 (base 12) to base 16.
-19371
22001201221 (base 3) to base 2
100110110000001011
12100124 (base 5) to base 8
333633
-46573a (base 13) to base 9
-3123082
What is 60a130 (base 12) in base 6?
52212500
13330024 (base 5) to base 10
136264
Convert 112212121 (base 5) to base 8.
1736431
110010110011010011111111 (base 2) to base 4
302303103333
Convert -20367 (base 14) to base 3.
-10221022210
Convert 208738 (base 10) to base 3.
101121100001
What is 678117 (base 12) in base 16?
1935a3
-8a0c3a (base 13) to base 3
-20010112011211
What is -2a103 (base 15) in base 4?
-201000330
Convert 143851 (base 10) to base 4.
203013223
-11110101010100001 (base 2) to base 12
-60829
Convert -223052 (base 6) to base 5.
-1100244
Convert -100120100112202 (base 3) to base 12.
-1852985
-470166 (base 11) to base 2
-10110110010110000100
-134490 (base 13) to base 12
-1a5bb9
What is -383848 (base 9) in base 15?
-48d5e
Convert 7644574 (base 8) to base 13.
56a393
401411032 (base 5) to base 3
2222211222110
Convert 664512 (base 11) to base 3.
1222212011202
455b84b (base 12) to base 9
27038555
Convert 101232 (base 7) to base 10.
17271
Convert -528485 (base 11) to base 15.
-11a8e2
-21791e (base 16) to base 6
-115003554
202113322 (base 4) to base 13
4c114
Convert -100111002 (base 3) to base 8.
-15402
Convert 1040208 (base 9) to base 3.
1001100020022
Convert -41430 (base 12) to base 2.
-10100110100100100
What is -101011010101011010 (base 2) in base 5?
-21134443
What is 115002 (base 9) in base 3?
10112000002
What is 72bd (base 15) in base 14?
8ba5
-71bd47 (base 16) to base 2
-11100011011110101000111
122201220000 (base 3) to base 10
349110
Convert -121012000002 (base 3) to base 11.
-1a8394
What is 2051641 (base 9) in base 10?
1096939
What is -11000110001100011000 (base 2) in base 15?
-110800
Convert -2f0c (base 16) to base 2.
-10111100001100
41341312 (base 5) to base 13
bbb0a
What is -10314022 (base 5) in base 9?
-144525
Convert 155305220 (base 6) to base 14.
62c1c0
What is -55232043 (base 6) in base 14?
-3104d5
Convert 40120413 (base 5) to base 12.
133533
-953a4 (base 12) to base 3
-100221121121
What is 35423242 (base 7) in base 2?
1011111100101010011101
What is -63703 (base 12) in base 6?
-2444403
What is -2451023 (base 6) in base 2?
-100000000000110111
1000001000011000011100 (base 2) to base 13
598244
Convert -1026523 (base 7) to base 14.
-33683
Convert -a358 (base 12) to base 8.
-42564
980662 (base 10) to base 3
1211211012211
-2a11a (base 14) to base 13
-3873b
Convert -18475a (base 12) to base 3.
-210110211221
What is -21312140 (base 5) in base 6?
